{"id":29604,"date":"2025-03-13T10:34:53","date_gmt":"2025-03-13T07:34:53","guid":{"rendered":"https:\/\/venuskimyasal.com\/?page_id=29604"},"modified":"2025-03-13T10:38:35","modified_gmt":"2025-03-13T07:38:35","slug":"elementor-29604","status":"publish","type":"page","link":"https:\/\/venuskimyasal.com\/?page_id=29604","title":{"rendered":"Tekstil Kimyasallar\u0131"},"content":{"rendered":"\t\t<div data-elementor-type=\"wp-page\" data-elementor-id=\"29604\" class=\"elementor elementor-29604\">\n\t\t\t\t\r\n\t\t<div class=\"default no-position show_shadow rs-sticky-default elementor-element elementor-element-0a05131 e-flex e-con-boxed e-con e-parent\" data-id=\"0a05131\" data-element_type=\"container\" data-e-type=\"container\">\n\t\t\t\t\t<div class=\"e-con-inner\">\n\t\t\r\n\t\t\t\t<div class=\"elementor-element elementor-element-767ce38 elementor-widget elementor-widget-text-editor\" data-id=\"767ce38\" data-element_type=\"widget\" data-e-type=\"widget\" data-widget_type=\"text-editor.default\">\n\t\t\t\t<div class=\"elementor-widget-container\">\n\t\t\t\t\t\t\t\t\t<table border=\"1\" cellspacing=\"1\" cellpadding=\"1\"><tbody><tr><td><p>ALKOL ETOKS\u0130LATLAR\u00a0<\/p><\/td><td>Y\u00dcZEY AKT\u0130F MADDELER\u00a0<\/td><td>EM\u00dcLGAT\u00d6RLER<\/td><td>AS\u0130TLER<\/td><td>GL\u0130KOLLER \u2013 SOLVENTLER\u00a0<\/td><\/tr><tr><td>C10 Alkol 3 EO<\/td><td><p>noniyonik np 4<\/p><\/td><td>setil stearil alkol 11 eo<\/td><td>sitrik asit mono hidrat<\/td><td>butil glikol<\/td><\/tr><tr><td>C10 Alkol 5 EO<\/td><td><p>noniyonik np 6<\/p><\/td><td>setil stearil alkol 20 eo<\/td><td>sitrik asit anhidrus<\/td><td>butil di glikol<\/td><\/tr><tr><td>C10 Alkol 6 EO<\/td><td><p>noniyonik np 10<\/p><\/td><td>setil stearil alkol 25 eo<\/td><td>akrilik asit<\/td><td>mono etilen glikol<\/td><\/tr><tr><td>C10 Alkol 8 EO<\/td><td><p>noniyonik np 30<\/p><\/td><td>setil stearil alkol 50 eo<\/td><td>asetik asit<\/td><td>di etilen glikol<\/td><\/tr><tr><td>C12 C14 2 EO<\/td><td><p>noniyonik np 40<\/p><\/td><td>setil stearil alkol 80 eo<\/td><td>s\u00fclfamik asit<\/td><td>mono propilen glikol<\/td><\/tr><tr><td>C12 C14 6 EO<\/td><td><p>miristil amin oksit<\/p><\/td><td>gliseril monostearat %40<\/td><td>stearik asit<\/td><td>di propilen glikol<\/td><\/tr><tr><td>C12 C14 7 EO<\/td><td><p>oleil amin oksit 2 eo<\/p><\/td><td>gliseril monostearat %90<\/td><td>oleik asit<\/td><td>mono etilen glikol<\/td><\/tr><tr><td>C13 3 EO<\/td><td><p>laurilamin oksit<\/p><\/td><td>hint ya\u011f\u0131 40 eo<\/td><td>tartarik asit<\/td><td>peg 200<\/td><\/tr><tr><td>C13 5 EO<\/td><td><p>sodyum lauril eter s\u00fclfat %70 (SLES)<\/p><\/td><td>soya lesitin<\/td><td>edta<\/td><td>peg 300<\/td><\/tr><tr><td>C13 6 EO<\/td><td><p>lineer alkil benzen s\u00fclfonik asit (LABSA)<\/p><\/td><td>\u00a0<\/td><td>lformik asit<\/td><td>peg 400<\/td><\/tr><tr><td>C13 8 EO<\/td><td><p>sodyum alkan s\u00fclfonat %60 (SAS 60)<\/p><\/td><td>\u00a0<\/td><td>\u00a0<\/td><td>peg 600<\/td><\/tr><tr><td>C13 12 EO<\/td><td><p>quartamin %75<\/p><\/td><td>\u00a0<\/td><td>\u00a0<\/td><td>peg 1500<\/td><\/tr><tr><td>C13 20 EO<\/td><td><p>esterquart %90<\/p><\/td><td>\u00a0<\/td><td>\u00a0<\/td><td>peg 4000<\/td><\/tr><tr><td>C16 C18 6 EO<\/td><td><p>polyquartenium-7<\/p><\/td><td>\u00a0<\/td><td>\u00a0<\/td><td>peg 6000<\/td><\/tr><tr><td>C16 C18 11 EO<\/td><td><p>kokoamidopropil betain %45<\/p><\/td><td>\u00a0<\/td><td>\u00a0<\/td><td>ipa<\/td><\/tr><tr><td>C16 C18 18 EO<\/td><td><p>kokoamidopropil betain % 35<\/p><\/td><td>\u00a0<\/td><td>\u00a0<\/td><td>likit parafin<\/td><\/tr><tr><td>C16 C18 25 EO<\/td><td><p>\u00a0<\/p><\/td><td>\u00a0<\/td><td>\u00a0<\/td><td>gliserin farma<\/td><\/tr><tr><td>C16 C18 50 EO<\/td><td><p>\u00a0<\/p><\/td><td>\u00a0<\/td><td>\u00a0<\/td><td>gliserin teknik<\/td><\/tr><tr><td>C16 C18 80 EO<\/td><td><p>\u00a0<\/p><\/td><td>\u00a0<\/td><td>\u00a0<\/td><td>sorbitol % 70<\/td><\/tr><\/tbody><\/table>\t\t\t\t\t\t\t\t<\/div>\n\t\t\t\t<\/div>\n\t\t\t\t\t<\/div>\n\t\t\t\t<\/div>\n\t\t\t\t<\/div>\n\t\t","protected":false},"excerpt":{"rendered":"<p>ALKOL ETOKS\u0130LATLAR\u00a0 Y\u00dcZEY AKT\u0130F MADDELER\u00a0 EM\u00dcLGAT\u00d6RLER AS\u0130TLER GL\u0130KOLLER \u2013 SOLVENTLER\u00a0 C10 Alkol 3 EO noniyonik np 4 setil stearil alkol 11 eo sitrik asit mono hidrat butil glikol C10 Alkol 5 EO noniyonik np 6 setil stearil alkol 20 eo sitrik asit anhidrus butil di glikol C10 Alkol 6 EO noniyonik np 10 setil stearil&#8230;<\/p>\n","protected":false},"author":1,"featured_media":0,"parent":0,"menu_order":0,"comment_status":"closed","ping_status":"closed","template":"","meta":{"_monsterinsights_skip_tracking":false,"_monsterinsights_sitenote_active":false,"_monsterinsights_sitenote_note":"","_monsterinsights_sitenote_category":0,"footnotes":""},"class_list":["post-29604","page","type-page","status-publish","hentry"],"_links":{"self":[{"href":"https:\/\/venuskimyasal.com\/index.php?rest_route=\/wp\/v2\/pages\/29604","targetHints":{"allow":["GET"]}}],"collection":[{"href":"https:\/\/venuskimyasal.com\/index.php?rest_route=\/wp\/v2\/pages"}],"about":[{"href":"https:\/\/venuskimyasal.com\/index.php?rest_route=\/wp\/v2\/types\/page"}],"author":[{"embeddable":true,"href":"https:\/\/venuskimyasal.com\/index.php?rest_route=\/wp\/v2\/users\/1"}],"replies":[{"embeddable":true,"href":"https:\/\/venuskimyasal.com\/index.php?rest_route=%2Fwp%2Fv2%2Fcomments&post=29604"}],"version-history":[{"count":7,"href":"https:\/\/venuskimyasal.com\/index.php?rest_route=\/wp\/v2\/pages\/29604\/revisions"}],"predecessor-version":[{"id":29611,"href":"https:\/\/venuskimyasal.com\/index.php?rest_route=\/wp\/v2\/pages\/29604\/revisions\/29611"}],"wp:attachment":[{"href":"https:\/\/venuskimyasal.com\/index.php?rest_route=%2Fwp%2Fv2%2Fmedia&parent=29604"}],"curies":[{"name":"wp","href":"https:\/\/api.w.org\/{rel}","templated":true}]}}